 the highest common factor of 44 and h.
22
Suppose 1024 = -13*s + 21*s. Let b = s - 60. Suppose -4*r = -9 - 59. Calculate the greatest common factor of b and r.
17
Let o(p) = -p**3 + 8*p**2 - 6*p + 5. Let z be o(5). Let s = -52 + z. Let b be (s - (-20)/(-3))/(8/(-12)). Calculate the greatest common factor of 65 and b.
13
Let j(q) = -3*q**3 + 36*q**2 + 6*q - 18. Let h be j(12). Let s(a) = -377*a + 1. Let t be s(-1). What is the greatest common divisor of h and t?
54
Let x be 2300/(-7) + (-258)/602. Let l be x/(-2) + 37/74. Calculate the highest common factor of l and 55.
55
Suppose 0 = 4*n + 2*i - 6*i - 8, -3*n - 5*i = 10. Suppose -5*f + 3*r + 545 - 195 = n, -3*r + 380 = 5*f. What is the highest common divisor of 219 and f?
73
Let b = 17374 - 11947. What is the greatest common factor of b and 134?
67
Suppose -21*k = 93 - 891. Suppose -17*h + 19*h = k. Let u(d) = d**3 + 10*d**2 + 11*d + 6. Let c be u(-7). Calculate the highest common factor of c and h.
19
Suppose 3*u + 2*q = 805 - 55, -2*u - q = -501. What is the highest common divisor of u and 1456?
28
Let k = 150 - 256. Let j = k + 115. Let a be -1*(1 - 1) + 81. What is the highest common divisor of j and a?
9
Let s be (3 - 96) + 12/6. Let d = -81 - s. Calculate the greatest common factor of d and 2.
2
Suppose 0 = -3*h, -35 = -5*g + 2*h - h. Suppose 2*l + 4*x = 7*l - 148, l = x + 30. What is the highest common factor of g and l?
7
Let l = 178 + -112. Let z = 102 - l. Suppose -4*r = -10 - 6. What is the greatest common factor of r and z?
4
Let t = 7166 + -3764. What is the highest common factor of 42 and t?
42
Suppose -4*x = -4*g + 376, -3 - 263 = -3*g - x. Calculate the greatest common factor of 1575 and g.
45
Suppose 0 = x - 4*x + 33. Suppose -32*p - 7722 = -110*p. What is the greatest common factor of p and x?
11
Suppose 0 = 6*j - 3 - 39. Let a be (j/3)/((-6)/(-450)*1). What is the greatest common factor of a and 75?
25
Let j(b) = -3*b + 38. Let v = 289 - 280. Let p be j(v). Calculate the highest common factor of 88 and p.
11
Suppose w + 177 = 4*o, -2*o + 9*w = 10*w - 93. Calculate the highest common divisor of 18 and o.
9
Suppose -827 - 865 = -38*v - 1654. Suppose -2*f + 2*m + m = -13, 4*m + 18 = 3*f. Let p be 14/8*8/f. Calculate the highest common divisor of v and p.
1
Let f(p) = -p**3 + 2*p**2 + 11*p - 4. Let o be f(-3). What is the highest common divisor of o and 116?
4
Suppose 0 = 3*o + o - 216. Suppose -j - 5*u = -0*u - o, -2*j + 2*u = -156. Let v = -33 + j. Calculate the highest common divisor of v and 41.
41
Let m = 9503 + -9491. What is the highest common factor of m and 768?
12
Suppose -5*s + 116 = 5*z - 264, -4*z + 16 = 0. Let q(f) = 3*f**2 - 15*f + 12. Let u be q(5). What is the greatest common factor of u and s?
12
Let t be ((-10274)/(-99) - 10) + 4/18. What is the highest common divisor of 188 and t?
94
Let l be 105 + (-3 - (-4 + 2)). Suppose 90 = 2*c - 0*c. Let k = c - 32. Calculate the highest common divisor of k and l.
13
Suppose -14*f + 3428 = -4300. Suppose -f*p + 258 = -546*p. What is the highest common factor of p and 129?
43
Let s be (2/(-4))/(23/(-1012)). Let l(b) = b**3 - 12*b**2 + 5*b - 16. Let n be l(12). Suppose -5*f + 3*f = -n. Calculate the highest common factor of s and f.
22
Let v be (-207)/(-72) - (-3)/24. Suppose 111 = u + v*z, -20*z = -22*z - 8. Calculate the greatest common divisor of u and 328.
41
Let m = -11 + 42. Let k(s) = s + 3. Let p be k(25). Let n be 93*1/(12/p). Calculate the highest common divisor of n and m.
31
Let k be 39/6*(-348)/(-13). Calculate the greatest common divisor of k and 377.
29
Let q be (-96)/48 - 1*-10. What is the greatest common factor of q and 614?
2
Suppose -y - 4*n - 367 = 0, 0*n - 1901 = 5*y - 2*n. Let z = 496 + y. Calculate the highest common factor of 13 and z.
13
Suppose 21*n - 15*n = -22*n + 4732. Calculate the greatest common divisor of 702 and n.
13
Let l be ((-1308)/96 - -13) + 488/64. What is the greatest common divisor of l and 5971?
7
Suppose 0 = 30*f - 49*f - 1596. Let u be 6/f*12*-686. What is the greatest common factor of 12 and u?
12
Let b(k) = -4*k**2 + 15*k - 7. Let o be b(3). Let a be o/(-4)*-10 + (-3 - 0). Calculate the greatest common divisor of a and 17.
1
Let m be 2 - (3 - 4/(-4)). Let t be 1/(3/(-18))*85/m. What is the greatest common factor of t and 51?
51
Suppose 12*d + 13216 - 13444 = 0. Let h be (156/(-18))/((-4)/114). Calculate the greatest common divisor of d and h.
19
Let g be (-5)/(14 - 12050/860). Calculate the highest common divisor of g and 50.
10
Let w(h) = 2*h**2 - 40*h - 366. Let t be w(-8). Calculate the highest common factor of t and 2337.
41
Let g = -83 - -149. Let m(l) = l**3 - 17*l**2 + 7*l - 113. Let j be m(17). What is the highest common factor of j and g?
6
Let b = 1176 - 869. Let y = 537 - b. Calculate the highest common factor of 92 and y.
46
Suppose -2 = 11*w - 24. Suppose -4*q + 4*z + 16 = 0, -5*q + 60 = 3*z + w*z. What is the greatest common divisor of 2 and q?
2
Suppose -2*l - 6 = 0, 9 = -5*o - 2*l - 17. Let i(z) = z**3 + 5*z**2 - 5*z. Let g be i(o). What is the highest common divisor of 84 and g?
12
Let f(v) = -11*v + 19 + 1971*v**2 - 983*v**2 + v**3 - 15 - 984*v**2. Suppose -15 = -4*u - u. Let p be f(u). What is the highest common divisor of 68 and p?
34
Suppose 11 = d - 3. Let o(z) = 2*z**2 - 25*z + 1. Let x be o(d). What is the greatest common factor of x and 387?
43
Let i be (11 - 5 - -2) + ((-72)/3)/(-4). What is the highest common divisor of 133 and i?
7
Let h(z) = -1025*z + 5384. Let y be h(5). What is the greatest common factor of 66563 and y?
259
Let j be ((-240)/32)/((-4)/16)*(-628)/(-3). What is the greatest common factor of 80 and j?
40
Let d = -26 + 30. Let k = -1780 - -1842. What is the greatest common factor of k and d?
2
Let s = -3444 - -3604. Calculate the highest common divisor of 100 and s.
20
Suppose 2*h + 4*d - 828 = 0, 2*d - 3*d = -h + 408. What is the highest common divisor of 10 and h?
10
Let f(j) = -55*j - 717. Let t be f(-21). Calculate the greatest common factor of t and 584.
146
Let j = 353 - 326. Suppose -t + j = x, 5*x + 73 = 16*t - 13*t. What is the greatest common factor of t and 637?
13
Let m = -4 + 8. Let c = 15966 + -15961. Suppose 240 = c*d + 5*t - 9*t, 0 = -m*d - t + 171. What is the greatest common factor of 11 and d?
11
Suppose 2*l - 5*l - 4*j + 652 = 0, -3*l + 657 = 3*j. Calculate the greatest common factor of 256 and l.
32
Let c(p) = -371*p + 6737. Let f be c(13). Calculate the highest common factor of f and 462.
66
Let b = 25 - -13. Suppose -5*v - 4*f + 684 = -516, -2*f = 0. Suppose -228 = v*d - 243*d. What is the greatest common factor of b and d?
38
Let x be 71/((-9585)/30) + 83/9. Calculate the greatest common divisor of 41103 and x.
9
Suppose -13*a + 10*a = 15. Let y = a - -9. Let b = 28 - 18. What is the highest common divisor of b and y?
2
Let b(k) = k**2 + 4*k - 62. Let o be b(-9). Let q be 2/6*(-5 - o). Let h be (-7)/28 - (-9)/4. Calculate the greatest common factor of q and h.
2
Let y be (-1530136)/(-40) - (-48)/80. What is the greatest common factor of y and 62?
62
Let h(z) = 2*z**2 + 5*z + 6. Let p = -92 + 86. Let o be h(p). Calculate the highest common factor of 6 and o.
6
Suppose 0*m = -4*m + 164. Suppose 5*w - m = -2*h, h - w - w = 43. Let k be 171/h - 4/22. Calculate the greatest common divisor of k and 10.
5
Suppose -1837 - 4210 = -73*c + 1253. Calculate the greatest common factor of 75 and c.
25
Suppose 0 = 3*g - u + 142, 0*u - 5*u - 25 = 0. Let w = 264 + g. Calculate the greatest common factor of 5 and w.
5
Suppose -12*z + 25*z - 780 = 0. Calculate the highest common factor of 345 and z.
15
Let i be (5 + -15)/(2 - 1). Let x = -13 - i. Let j be (2/x)/((-8)/420) + -2. Calculate the highest common divisor of j and 11.
11
Let s = -207 - -392. Let p = s - 167. Calculate the greatest common factor of p and 126.
18
Let x(q) = q + 26. Let y be x(-21). Suppose 5*t + 259 = 4*z + 828, y*t - 577 = 2*z. Calculate the highest common divisor of 156 and t.
39
Suppose h - 238 = -h. Suppose -680 = 6*m - 16*m. Suppose 0 = -15*t + 11*t + m. What is the greatest common factor of t and h?
17
Let v(k) = -53*k + 2875. Let j be v(53). What is the highest common factor of 1221 and j?
33
Let n(p) = -p**3 - 14*p**2 - 12*p + 19. Let s be n